-y + 28. Let a(c) = -c + 8. Let j(o) = -5*o**2 + 3. Let u be j(2). Calculate the remainder when a(u) is divided by y.
12
Let p(h) = 4*h**2 + 7*h - 7. Let l be p(7). Suppose 3*n - 17*n = -l. What is the remainder when 130 is divided by n?
11
Suppose -232 = -5*k + 73. Suppose 171*i - 595 = 154*i. What is the remainder when k is divided by i?
26
Let m(k) = -k**3 + 11*k**2 - 10*k + 10. Let n = -732 - -741. Calculate the remainder when m(10) is divided by n.
1
Let h = 397 - -208. Calculate the remainder when 693 is divided by h.
88
Suppose -21 - 95 = -o + 2*d, 4*d = 3*o - 354. Suppose -8*z = -o - 238. Let y(g) = 3*g - 11. What is the remainder when z is divided by y(9)?
13
Let x = -8006 + 8782. What is the remainder when x is divided by 36?
20
Let x = -26 + 38. Let i(y) = -6*y + x + y - y**3 + 0*y + 2*y. Calculate the remainder when i(0) is divided by 7.
5
Calculate the remainder when ((-38725)/(-425) - 4/34)*4 is divided by 126.
112
Suppose 0 = i - 949 + 877. What is the remainder when 87 is divided by i?
15
Let i = 63 + -21. Let p = 90 - 254. Let g = p + 289. What is the remainder when g is divided by i?
41
Let i(f) = -f**2 - f - 1. Let k(d) = 8*d + 3. Let w(g) = -5*i(g) - k(g). Let p be w(4). Let z = p - 59. Calculate the remainder when 19 is divided by z.
8
Let b(y) = 4*y**3 + 71*y**2 - 23*y - 16. Calculate the remainder when 265 is divided by b(-18).
43
Suppose 2*l = w + 8, -2*l - w - 4*w + 8 = 0. Suppose l*y - 260 = 252. What is the remainder when y is divided by 40?
8
Suppose -b + 858 = -39. What is the remainder when (b/(-52))/(9/(-48)) is divided by 19?
16
Suppose 22*r + 4961 = 12067. Calculate the remainder when 582 is divided by r.
259
Let d = -204 - -603. Let m = d + -317. What is the remainder when m is divided by 19?
6
Let w(a) = a**3 + 19*a**2 - 23*a - 56. Let n = 232 - 91. Calculate the remainder when n is divided by w(-20).
1
Suppose 20*i - 75099 - 104759 = -38*i. What is the remainder when i is divided by 9?
5
Suppose -878 = 8*u - 1190. Let j(t) = 7*t. Let i be j(-1). Let v = i - -17. Calculate the remainder when u is divided by v.
9
Suppose -153*t = 13*t + 159*t - 9100. Calculate the remainder when 220 is divided by t.
24
Let z(n) = n**3 - 5*n**2 + 5*n - 5. Let u = -252 - -254. Suppose 5*g + x - 492 = u*x, 4*x = g - 87. What is the remainder when g is divided by z(5)?
19
Let c(a) = -499*a + 53. Let d be c(-3). Let t = d + -915. Calculate the remainder when t is divided by 49.
47
Let y = 669163 - 669126. Let g = 165 - -55. Calculate the remainder when g is divided by y.
35
Suppose -130*k = 129*k - 128205. What is the remainder when k is divided by 205?
85
Let a(y) be the second derivative of 3*y**5/10 + y**4/6 - y**3/2 - 2*y**2 + 41*y. Let x(b) = 7*b + 2. Calculate the remainder when a(2) is divided by x(2).
14
Let m = 148 + -102. Let z(p) = 14*p + 14. Let c(r) = 7*r + 6. Let t(b) = -5*c(b) + 3*z(b). Calculate the remainder when m is divided by t(0).
10
Let b be ((-12)/2)/(42/560). Let k = 172 - b. What is the remainder when k is divided by 15?
12
Let d(p) = p**2 + 67*p + 298. Calculate the remainder when d(-72) is divided by 71.
19
Suppose -q - 23 = -3*m, -6*q = 2*m - 11*q - 37. Let a be 1/(-2 + 15/10)*(-15 + 22). Calculate the remainder when 27 is divided by 2/a - m*33/(-14).
13
Suppose 232*o = 4*g + 234*o - 226, -g + 4*o + 52 = 0. What is the remainder when 9294 is divided by g?
54
Let g(w) = w**2 - 16*w - 38. What is the remainder when 721 is divided by g(23)?
106
Let f = -341 - -419. Suppose 15*m - f = 9*m. Calculate the remainder when 116 is divided by m.
12
Suppose 3*d = 3*q - 27, d + 11 - 8 = 0. Suppose l - q*l - 225 = -5*b, -225 = -5*b + 4*l. Calculate the remainder when 268 is divided by b.
43
Suppose 0*g = 4*y + 5*g - 167, 4*y + 2*g = 158. Let z(d) = -20*d**2 - 34*d + d**3 - 31 + 32*d - 2*d**3. What is the remainder when y is divided by z(-20)?
2
Let m be -11*(0 - (3 + 1 + -3)). Suppose -m*o = -6*o - 210. What is the remainder when 207 is divided by o?
39
Suppose 338 = 573*c - 585*c - 214. Suppose b + 31 = 4*v + v, -b = 3*v + 39. Let i = b - c. What is the remainder when 25 is divided by i?
5
Suppose -4*u - 2*l = -394, 5*u - 2*l + 3*l = 500. Suppose -3*o = 37 + 857. What is the remainder when u is divided by o/(-14) - (-98)/(-343)?
17
Let m(l) = -7*l**3 - 85*l**2 - 19*l - 6. Calculate the remainder when m(-12) is divided by 66.
12
Calculate the remainder when 2822 is divided by (1 + (-4)/(-20))*(3 + 2).
2
Let g(x) = 5*x. Let s be g(1). Let p = 20913 + -20896. What is the remainder when 2/s + (-714)/(-15) is divided by p?
14
Suppose d + 18*f - 3108 = 15*f, 2*d + 4*f - 6214 = 0. What is the remainder when d is divided by 4?
1
Let w(f) = -f**2 - 35*f - 139. Calculate the remainder when 10690/9 + (-4)/(-18) is divided by w(-6).
33
Let u = 2713 + 5085. Calculate the remainder when u is divided by 16.
6
Suppose -124*i - 746 = -2606. What is the remainder when 299 is divided by i?
14
Let t(c) = -c**2 + 98*c - 1178. What is the remainder when t(73) is divided by 27?
26
Suppose -48*x + 1972 = 20*x. What is the remainder when 146 is divided by x?
1
Let o(f) = -6*f - 7. Calculate the remainder when 4*25/(-40)*(-1374)/15 is divided by o(-5).
22
Calculate the remainder when 523 is divided by (-28)/4 + (10 - -93).
43
Let s(l) = -13*l - 361. Calculate the remainder when s(-32) is divided by (20/(-6) + 1)*(-11 + 5).
13
Suppose 0 = 3*s - 6, 5*b + 7*s - 6*s - 767 = 0. Calculate the remainder when b is divided by 12.
9
Calculate the remainder when 304 is divided by 33 + (11 + -5 - 5)*-5.
24
Let g = -9882 + 9927. Let i = 10 - 6. Calculate the remainder when g is divided by i.
1
Let m = -11866 + 12606. Calculate the remainder when m is divided by 63.
47
Suppose -64*i = 18*i + 3*i - 2040. Calculate the remainder when 524 is divided by i.
20
Let s be (-1)/(-2) - 408/16*5. Let i = s + 72. What is the remainder when 49 is divided by ((-4)/(-12))/(i/(-54) - 1)?
13
Let l(k) = k**3 + 20*k**2 - 9*k + 456. Calculate the remainder when l(-21) is divided by 57.
33
Suppose -4*c + c - 8 = -5*l, 0 = -2*l + 3*c - 4. Let u(s) = s**2 - 2*s + 4. Let j(t) = 37*t + 894. What is the remainder when u(l) is divided by j(-24)?
0
Suppose 51*p + 170 = 17*p. Let m(t) = -18*t + 127. Calculate the remainder when m(p) is divided by 44.
41
Suppose 0 = 4*r - 16, -3*r = 5*y - 11 - 16. Suppose y*t - 30 = 132. Let h = t - 52. What is the remainder when 23 is divided by h?
1
Suppose 0 = 3*y + 9*p - 5*p - 235, 231 = 3*y + 3*p. Let m = y + -25. What is the remainder when m is divided by 13?
9
Let u(h) = -h**3 + 3*h**2 + 47*h - 70. Calculate the remainder when 35877 is divided by u(6).
101
Suppose -q + 335 = 4*q. Let p(y) = -8*y + 48. Let o be p(5). Suppose -10 = -o*g + 174. Calculate the remainder when q is divided by g.
21
Suppose -6*j + 3*j = z - 40, -2*z + 30 = -4*j. Calculate the remainder when (-364)/(-3)*27/18 - (4 - 6) is divided by z.
9
Let n = -2319 - -2385. What is the remainder when 2967 is divided by n?
63
Let v(d) = d**2 + 46*d + 94. Let x be v(-44). Let s = x - -221. Calculate the remainder when s is divided by 12.
11
What is the remainder when ((-3164)/56 - -33)*(-24)/2 is divided by 103?
76
What is the remainder when (-8 - 42/(-4))/((-2)/(-1468)) is divided by 9?
8
Let i = 608 + 25. Let h = i - 555. What is the remainder when h is divided by 38?
2
Suppose 156 = 4*w - 4*u, -4*w + 169 = 5*u + 67. What is the remainder when 2076 is divided by w?
30
Calculate the remainder when (-1)/(4 + 4545/(-1135)) is divided by 115.
112
Suppose 3*j - 12 = 4*x + 173, -5*j = -15. Suppose -5*l - 717 = 2*n - n, 3555 = -5*n + 5*l. Calculate the remainder when 38 is divided by n/x + 7/((-77)/2).
6
Suppose -27*h - 47 = 7. Let p(k) = -253*k + 19. What is the remainder when p(h) is divided by 33?
30
Let l = -115 + 104. Let m = -161 - l. Let r = 161 + m. What is the remainder when 141 is divided by r?
9
Suppose -3*m - 569 = -2*r - 418, 179 = 3*r + 5*m. Calculate the remainder when 142 is divided by r.
6
Suppose 4 = -5*a - 1436. Let o = -270 - a. Calculate the remainder when 1005 is divided by o.
15
Let x = 11 - -77. What is the remainder when x is divided by 35 + 29 + 3/(-5) + (-473)/(-55)?
16
Suppose 5*x = 299 + 511. Suppose 18 + x = 2*u. Let q(b) = b**3 - 9*b**2 - 6*b - 27. What is